et h be p(-2). Let m be 1*-4 - ((-12)/(-4) + h). Let u(j) = -66*j**m + 0 - 2*j + 65*j**3 - 3*j**2 - 3. Give u(-2).
-3
Let f = 221 - 224. Let h be ((-25)/(-4) + -7)/(f/(-8)). Let n(r) = -r**2 - 2*r + 5. What is n(h)?
5
Suppose -15*i + 84 + 216 = 0. Let n(t) = t**2 - 8*t + 2. Let r be n(8). Let w be r - i/4 - -5. Let s(f) = f + 2. Calculate s(w).
4
Let s(x) be the third derivative of x**7/5040 - 19*x**6/720 - x**5/60 - 46*x**3/3 + 19*x**2 + 5*x. Let v(l) be the third derivative of s(l). What is v(22)?
3
Let m(j) = -5*j + 12. Let o = -3 - -5. Let g(i) = 2*i. Let a(x) = o*g(x) + m(x). What is a(7)?
5
Suppose -5*i = -5, 0 = 3*b - i + 2*i + 2. Let n(h) = 4 + 24930*h - 24929*h - 3 + 27*h**2. Calculate n(b).
27
Let s = 15 - 12. Let k(j) = 5*j**2 - j**s + 142*j - 73*j - 70*j + 5. What is k(4)?
17
Suppose 92*v + 59 = -861. Let b(x) = x**3 + 8*x**2 - 23*x - 1. What is b(v)?
29
Let m(x) = -x**3 + 24*x**2 + 21*x + 91. Suppose 983*n - 984*n + 4 = 0, -n + 129 = 5*p. Calculate m(p).
-9
Suppose -2*k + 4 - 1 = 3*f, 5*f = -4*k + 5. Let s(x) be the second derivative of -1/6*x**3 + 0 - 3*x + 5*x**2. What is s(k)?
10
Let m(b) = 2*b - 5*b - 17 + 20 + b. Let d be -2 - (-2 - -1 - -2). Give m(d).
9
Suppose -260 = 4*d - 0*d. Let g = -62 - d. Let k(b) = 13*b**g - 4*b**2 - 12*b**3 + 2 - 7 - b + 0*b. Give k(4).
-9
Let m = 746 - 553. Let w(o) = 4*o - m - o + 191. What is w(-4)?
-14
Let d(m) be the first derivative of m**2/2 - 10*m - 4. Suppose 2*y - 19 = -3*s + 8*s, 4*s = -12. Suppose 0 = 6*u - 50 + y. Give d(u).
-2
Let t be -862*(-2)/8 - (-9)/6. Suppose 220*w + 3 = t*w. Let p(v) = -12*v**3 + 1. Give p(w).
13
Let z(m) = -2*m + 6. Let n(r) = -r**2 - r + 17. Let g be n(-5). Let w be 3*g*(-60)/(-45). Let f be (-3 - 3)/w*12. What is z(f)?
-6
Let i(y) = -97*y - 99. Let z(m) = 211*m + 198. Let o(c) = 13*i(c) + 6*z(c). Give o(22).
11
Let h(g) = 4*g + 17. Let o(p) = -2*p - 8. Let j(u) = 3*h(u) + 5*o(u). Suppose -50*b - 169*b - 1670 = 301. Give j(b).
-7
Let q = -1199 - -2003. Let c(l) = q*l**3 - l**2 - 805*l**3 - 3 + l + 0. Let y = -2 - -2. Determine c(y).
-3
Suppose 0 = 3397*c - 3399*c + 4*i - 10, c - 5*i = -8. Let n(x) = -15*x - 57. Calculate n(c).
-12
Let h(q) = -24*q + 30657*q**3 + 13 + 22*q - 30658*q**3 + 10*q + 15*q - 22*q**2. Give h(-23).
13
Let q = -304692 - -304688. Let m(j) be the second derivative of j**5/20 + j**4/6 - 7*j**3/6 - 3*j**2 + j. Calculate m(q).
-10
Let n = -7 - -11. Suppose 5*y + n*t = -44, -2*y = -2*t + 20 - 6. Let x(z) be the first derivative of z**4/4 + 3*z**3 + 4*z**2 - 6*z + 1. Give x(y).
-6
Let k(m) = 32*m**3 - 9*m**2 - m + 34. Let r(d) = 16*d**3 - 4*d**2 - d + 14. Let v(t) = 3*k(t) - 7*r(t). Calculate v(-1).
17
Suppose 0 = 4*o + 2 - 16 + 2. Let u(v) = 2*v**3 - 3*v**2 - 3. What is u(o)?
24
Let o(n) = 14*n + 11. Let y(w) = -9*w - 7. Let d(i) = 5*o(i) + 8*y(i). Suppose -2*f = 5*m - 1, 6*f = m + 10*f + 7. Determine d(m).
-3
Let w(f) = f**2 + 12*f - 47. Let b(n) = -6*n**2 + 53*n - 6. Let u be b(9). Give w(u).
-2
Let h(k) = k**2 - 12*k + 2. Let l be 1 + 299 - (-3 - -7). Suppose -l*t + 297*t - 11 = 0. Determine h(t).
-9
Let u(s) = 2*s**2 - 4*s + 5. Suppose -159 = -366*n + 313*n. Calculate u(n).
11
Let x be 8 - 12 - (-3 + 0 + -9). Let v(i) = -213*i**2 + 214*i**2 - 7 + 10*i + x. Give v(-9).
-8
Let q be 7/((-1 - 25) + 25). Let g(m) = 2*m**2 + 13*m + 5. Calculate g(q).
12
Suppose 0 = p - 5*p + 52. Let c = -17 + p. Let b(y) be the third derivative of y**6/120 + y**5/12 + y**4/6 + y**3 + 14*y**2. Calculate b(c).
6
Let c(m) = -m**3 - 19*m**2 - 18*m - 9. Suppose -7*p + 3*p + 432 = -28*p. Calculate c(p).
-9
Let x(n) = -2*n**3 - 15*n**2 + 6*n + 7. Suppose 19*c - 40 = 24*c. Let f be x(c). Let m(k) = f - 70 + 34 + k. Give m(6).
-7
Let o = -19 + 23. Suppose 5*c - o*f = 14, 0 = -5*c - 2*f + 4 + 4. Suppose 0*z - 3 = -c*z + q, 4*z + 4*q = 24. Let d(p) = p**3 - 2*p**2 - 4. Calculate d(z).
5
Let d(q) = -9*q - 26. Let b be d(-3). Let t be -26*14/4*b/7. Let g(f) = f**3 + 14*f**2 + 15*f + 15. What is g(t)?
-11
Suppose -l + 3*l - 6 = 0. Suppose f - l*f + 6*f = 0. Let w(b) = -14*b**2 + 3*b + 23. Let k(x) = 5*x**2 - x - 8. Let u(g) = -17*k(g) - 6*w(g). Calculate u(f).
-2
Let b(j) = 91*j - 3. Let v(d) = -288*d + 10. Let u(o) = -19*b(o) - 6*v(o). Determine u(11).
-14
Suppose 407 = t + 3*t - o, -t = -o - 104. Let w = -74 + t. Let i = w + -30. Let f(l) = -l**3 - 4*l**2 + 4. Calculate f(i).
-5
Suppose 0 = -304*p + 713 - 1321. Let k(c) = 4*c + c - 2 - 3*c. Determine k(p).
-6
Let k be ((-11)/(605/22))/(8/100). Let z(t) = 23*t + 50. Give z(k).
-65
Let v(p) = 9*p + 8. Let c(y) = -4*y - 4. Let q(k) = -7*c(k) - 3*v(k). Let u = 8604 - 8600. What is q(u)?
8
Let z(m) = 11*m + 783 - 387 - 394 - m**2. Let f = -184 - -195. Calculate z(f).
2
Let m = 310 + -468. Let k = -160 - m. Let f(i) = 2*i**3 + i**2 - 3*i - 1. What is f(k)?
-7
Let r(v) = 7*v - 93. Let h(c) = 34. Let d(t) = -6*h(t) - 2*r(t). Calculate d(0).
-18
Let q(c) be the third derivative of c**6/120 - 7*c**5/30 + 13*c**4/24 + c**3/2 + 18*c**2 + 16. Determine q(13).
3
Let p(j) = 3*j**2 - 51*j + 99. Let m be p(15). Let y(z) = 6*z**3 - 4 + 24 - 12 - m + 2*z**2. Let i be 0/2 - (1 - 2). What is y(i)?
7
Let j(m) = -7*m + 1. Suppose 0 = w + 10 - 17. Suppose w = o + 4. Determine j(o).
-20
Let u(c) = 9*c**2 - 2*c - 5 + c**2 + c**3 + 1. Let r(p) = 2*p**3 + 21*p**2 - 3*p - 8. Let g(f) = 6*r(f) - 13*u(f). Let d be 5/((4 - 1) + -4). Give g(d).
-11
Let d(a) = -12*a + 23*a - 20 - 54 + 99 - 54. Calculate d(17).
158
Let n(v) = 14 + 0 + 1 + 2*v. Suppose -210*y + 460*y = 180*y - 490. Give n(y).
1
Let s(n) be the first derivative of -39 - 3/2*n**2 + 18*n. Give s(6).
0
Let y(f) be the first derivative of -f**4/4 - 13*f**3/3 - 25*f**2/2 - 19*f - 2552. Calculate y(-11).
14
Suppose -59 = -11*p + 73. Suppose 18*s = 13*s + p*s. Let h(f) = f - 3. What is h(s)?
-3
Let n = -4 - -77. Suppose 526 = -2*r - 5*l + 365, r - 2*l + 58 = 0. Let x = r + n. Let c(v) = v**3 - 5*v**2 + 2*v - 6. What is c(x)?
4
Let j(r) = -2*r**2 + r. Let d = -4 + 7. Suppose 11 = -d*m - 1. Let n be -2 - (-5 - (m - -2)). Determine j(n).
-1
Let x(l) = -8*l**2 + 35*l + 7. Let b(r) = 3*r**2 - 12*r - 2. Let o(j) = -11*b(j) - 4*x(j). Suppose -2*h = g + 11, -13*g - 7 = h - 11*g. What is o(h)?
9
Let i(o) be the first derivative of o**3/3 + 9*o**2/2 - 10*o - 39. Let h be 9/(15 + -18 + 4/2). Calculate i(h).
-10
Let c(k) = 6*k + 68. Suppose 34*p - 27 + 176 = -293. What is c(p)?
-10
Let v(g) = g**3 - 2*g**2 - g - 3. Suppose 6*z = 18 - 12. Let r be z/(-6) - 893/(-282). Determine v(r).
3
Let o(a) be the second derivative of -a**4/12 + 3*a**3/2 - 7*a**2/2 - 2*a. Let i = -44 - -46. Suppose -24 = -5*r - i*w, -8 + 2 = -3*r - 4*w. Calculate o(r).
11
Let n(d) = -123*d**2 + 58*d + 82. Let y(u) = 49*u**2 - 28*u - 42. Let c(p) = 2*n(p) + 5*y(p). Determine c(-21).
17
Let r(n) = 3*n**3 + 43*n**2 + 17*n + 47. Let z be r(-14). Let l(q) = 2*q**2 - 8*q + 4. Give l(z).
14
Suppose -2 = 2*x - 4*x + f, -5*x + 5 = -5*f. Let g(r) = -x - r + 8 + 0*r + 0*r. Let d = -10 + 19. Calculate g(d).
-2
Let w = -62 - -279. Let a = w - 217. Let r(d) be the first derivative of d**2/2 - 5*d - 1. Calculate r(a).
-5
Let u be (1428/255)/((-2)/5*1). Let i(a) = a + 19. Calculate i(u).
5
Let k(q) = -q**2 - 8*q - 7. Let z be k(-7). Let l = 59 + -57. Let o(d) = -19*d + 8*d - 8 + l + 10*d. What is o(z)?
-6
Let v(z) = 48*z - 2. Let t be v(0). Let h = 12 + -6. Let d(u) = 3*u + 5. Let k(b) = b + 2. Let q(j) = h*d(j) - 14*k(j). Calculate q(t).
-6
Let l(z) = 1 + 2*z - 3 - 1. Let f(p) = p**3 + 8*p**2 - 56. Let u be f(-6). Suppose -u*h + 4*g + 2 = -15*h, h - g = 5. Calculate l(h).
9
Let j(i) = -4*i**3 + 2*i - 2. Let x(k) = 7*k**3 - 5*k + 4. Let o(b) = -5*j(b) - 3*x(b). Calculate o(-4).
42
Let h be (-4)/(-2) + (1 - 0). Let r(p) be the second derivative of p**4/6 - p**3/3 - 2*p**2 - 1186*p - 16. Determine r(h).
8
Let l(x) = -x**3 - 7*x**2 + 13*x + 62. Let w be 3*3/45*(-4)/((-12)/(-105)). Calculate l(w).
-29
Let s(m) = 21*m**3 - 7*m**2 - m. Let p be s(-2). Let h = p + 199. Let a(u) = 2*u - 2. Give a(h).
8
Let f = 253 + -250. Let o(n) = 23 + 2*n**2 + 62*n - 124*n + 62*n - f*n**2 - n**3. Determine o(0).
23
Let m(n) be the second derivative of 1/4*n**4 + 1/2*n**2 + 0 - 1/2*n**3 - 12*n + 1/20*n**5. Let l(f) = f**2 - 8*f + 2. Let v be l(8). Calculate m(v).
15
Let l(u)